 ((9 - 5) + 2)?
-5
Calculate 9 + (-78 + 70 - (16 - -1)).
-16
17 - (4 + -4 + -1) - (51 + -49)
16
Calculate -13 + (0 - (3 + -4)) + -7.
-19
Evaluate 1 + -7 - (-6 + -7 + 6 + 24).
-23
(17 - (2 - 19)) + -43
-9
1 - (16 + 1 + -19 + 14)
-11
-2 + -1 + 8 - (12 + (4 - 9))
-2
What is the value of (5 - -3) + (-25 - (-8 + 9))?
-18
-9 + -13 + (5 - -10)
-7
(2 - -12) + -1 - 0 - 10 - 9
-6
51 + 20 + -85 + 34
20
What is the value of -22 + -23 + (32 - 13)?
-26
What is ((4 - -5) + -2 - (12 + 4)) + 4?
-5
Evaluate -5 + (-3 - 6) - -18.
4
Evaluate 2 + -5 - (-17 + 7 - -14).
-7
What is -51 - -35 - 29 - -14?
-31
Calculate -4 + (-29 - (-36 + 17)).
-14
Evaluate 1 - (7 - (0 - 9 - -20)).
5
What is (-1 - -8 - -1) + -54 + 50?
4
Evaluate 6 - (-2 - 1) - (15 + -1 - 27).
22
-19 + 29 - 10 - 5
-5
What is the value of (-1 - (50 + -12) - -2) + 19?
-18
Calculate (2 - (5 - 2 - 7)) + -1 - -9.
14
Calculate 25 + 19 + -7 + (-24 - 1).
12
308 + -296 + (0 - (4 + -2))
10
What is the value of 2 + 9 + -218 + 224?
17
What is -47 + 30 - -18 - (-5 + -1)?
7
What is 3 + -17 - (-46 - -3 - -10)?
19
What is the value of 3 + (-1 - 10) - (5 - (7 + 1))?
-5
5 - (2 + -8 - -14 - 5)
2
Calculate (1 - 13) + (136 - 123).
1
Calculate 7 + 10 + -29 + 42.
30
What is 5 - 2 - (2 - -23 - 16)?
-6
-7 - (-1 - -2) - (149 + -152)
-5
Evaluate (-5 - -5 - -4) + (-15 - -9).
-2
What is the value of 7 + 1 - -5 - 7?
6
What is 45 + -40 + -4 + -1?
0
What is 50 + -32 + 15 - 15?
18
Calculate -8 + (8 - -10) + -6.
4
Calculate -57 + 68 + -2 + -15.
-6
Calculate 11 + -24 + 21 + 3 + -12.
-1
3 - (20 + (7 - (10 - 6)))
-20
What is the value of 0 + -8 + -9 + 15 + -1 + 17?
14
What is -50 - -17 - (43 + -78)?
2
Evaluate -31 - (22 + (-6 - 0) - 26).
-21
Calculate (165 - 158) + (-1 - -3 - -6).
15
(10 - 0) + (-110 - -103) + 1 + 8
12
Evaluate (-1 - -18) + (22 - (-46 + 72)).
13
Calculate -2 - 1 - (0 - 3) - (4 - 8).
4
9 + -5 - (18 + -8) - (7 - 0)
-13
Calculate -64 + 64 - -12 - (1 - 12).
23
1 + -9 + 7 + (-7 + -10 - -2)
-16
(-7 - 0 - -11) + 5 - 20
-11
What is the value of 15 - -6 - 13 - 20?
-12
35 + -43 - ((-4 - -8) + (0 - 9))
-3
Evaluate (23 - (11 + 1)) + 0.
11
Evaluate (-16 - 2) + (355 - 304).
33
Evaluate 21 - (-2 + 25 + 8).
-10
What is 12 + 43 + -41 + (10 - 0)?
24
What is -3 - (2 - (4 + 3)) - -1?
3
Evaluate -6 - -1 - (-5 + 31 + -14) - -11.
-6
What is the value of 24 + -1 - (-222 - -237)?
8
What is (2 - -30) + (-1 - 11) + -2 + -2?
16
Calculate -2 - -1 - (0 - -2) - (-717 - -718).
-4
14 + -4 + -2 - (-11 - (-19 + -22))
-22
What is the value of 7 + (-3 + -2 - (18 - (-8 + 19)))?
-5
What is -12 + -3 + -1 + -3 + (40 - 36)?
-15
Calculate (24 - (-18 + 16)) + (2 - 11).
17
What is the value of -2 + 6 + (7 - -2) + -9?
4
Evaluate (-26 - -32) + (-4 - 1) - 7.
-6
-2 + 2 + -20 + 11 + 20
11
What is the value of (-34 - (-59 - -28)) + (-1 - -9)?
5
What is the value of 13 + (-1 - 12) - (-3 + 16)?
-13
Evaluate 0 + 2 + 7 - ((16 - 39) + 25).
7
Calculate (6 + -4 - 4) + -9 - (0 + 2).
-13
Calculate 9 + (-11 - ((8 - 22) + 5)).
7
-2 + -9 - -5 - (-29 + 16)
7
Evaluate (152 - 152) + 4 + -3 + 4 + 32.
37
-10 - (-30 - -9) - 2
9
What is -33 + 32 + -16 + 28?
11
-10 + 2 + -2 + 2 + -4
-12
What is the value of (-3 - -24) + (-23 - -8) - (5 - 0)?
1
What is the value of 7 + (-1 + 8 - 13) - (-3 + -3)?
7
What is 13 - (14 + (4 - 11) + 3)?
3
24 - (-20 + 36 + -15 + -16)
39
What is 15 - ((-3 + 5 - -4) + -3 + -1)?
13
-1 + 33 + -36 + -7 + (1 - 2)
-12
Calculate (2 - -3 - -1) + (-22 - -67) + -41.
10
Calculate 5 - (-20 - (0 + -12)).
13
What is (-1 - -2 - 4) + 36 - (194 - 197)?
36
Evaluate (-547 - -541) + (-5 + 0 + 2 - 21).
-30
What is the value of 30 - (-3 - 23 - -34)?
22
1 - 0 - (-29 - (22 - 49))
3
What is -50 - (33 - (43 + 22))?
-18
Evaluate -5 - (-1419 - -1426 - (-1 - (0 + -26))).
13
What is (-4 - 1) + -21 - (290 + -277)?
-39
(-14 - -17) + -34 - -37
6
Evaluate (845 - 881) + (0 - -1) + 13.
-22
0 - -5 - (-798 + 824)
-21
-52 + 52 + (1 - -2)
3
What is -10 + 11 + (7 - 15) - 6?
-13
What is (-1 + -9 - (19 - 10 - 12)) + 13?
6
-21 - (3 - (3 + 1 - -7))
-13
What is the value of 1 - (3 + 2 - (2 + -14 + 10))?
-6
Calculate -33 - -2 - (51 - 102).
20
Evaluate (-10 - 1) + 6 + -2.
-7
What is 41 + (-7 - 14) - 22?
-2
-9 + (-10 - (-11 + -3) - 12)
-17
(-9 - -1) + 40 + -7 + (-1 - 5)
19
What is the value of (-293 - -293) + (1 + 9 - -2)?
12
Evaluate 30 - 32 - (5 + -13 - -1).
5
Evaluate -19 + (-2 - -20) - 20.
-21
Evaluate 9 - (-20 + 36) - (7 - 1).
-13
Evaluate 4 - (12 - (1 + 4) - 20).
17
(15 + 0 + -13 - 21) + 10
-9
What is (-11 - ((2 - 1) + -16)) + 13?
17
Evaluate -5 - 29 - (10 - 11) - (-13 + 3).
-23
Calculate 16 + (-13 - -12) + -2.
13
Calculate (-40 - -32) + 46 + -35.
3
(-6 - 14 - -39) + -19
0
What is 3 + -17 + 3 - (17 - (2 - -12))?
-14
Evaluate 40 - -19 - 54 - (-2 + (2 - -36)).
-31
16 + -4 - (13 - (-4 - -8))
3
Calculate -1 + -6 + 10 + (1 - 5) + 1.
0
What is the value of 6 + 9 + (14 + -11 - 19)?
-1
Evaluate (6 - (17 - 3)) + -3 + 11 + 3.
3
What is the value of -17 + (20 - (10 - 0)) + (-1 - -14)?
6
Calculate 12 + -8 + 2 - ((2 - -3) + -7).
8
Evaluate (-4 - (-14 + 11) - 6) + 27.
20
What is the value of -21 + (9 - (-10 + 19)) + -3 + 10?
-14
Calculate -181 - -186 - (-7 - (2 - 1)).
13
Calculate (92 - 81) + -19 + -1 + 1 + -5.
-13
Calculate 16 - (-15 - -13 - (-16 - -15)).
17
Evaluate 12 + 1 + 5 + -7 + -19 + 16.
8
(-19 - -8) + 0 + 5 + 1 - -1
-4
Calculate 15 + -5 + 0 + -14 + (21 - 2).
15
Calculate 44 - (15 - (2 - 18)).
13
Evaluate 16 + -28 + -2 + 20.
6
Calculate -21 + (37 - -20) - 27.
9
Calculate (4 - 1) + 3 - (11 + -4 - 7).
6
What is -14 + (-3 + 12 - 4 - 5)?
-14
Calculate -6 - 0 - (3 - -5 - 10).
-4
Calculate -21 - -7 - -24 - 6 - (0 - 0).
4
Calculate -537 - -542 - (-1 + 1 + (7 - 1)).
-1
35 + 11 + -38 - 38
-30
Evaluate (1 - -3 - (17 + -6)) + (6 - 10).
-11
Calculate -38 - -42 - (-3 + -1).
8
What is the value of (13 - (0 + (0 - -1))) + (-112 - -112)?
12
8 + (1 - 19) + (6 + 9 - 4)
1
What is the value of 28 + (-7 - (12 + -7 - (4 - -2)))?
22
What is -4 + -2 + 6 + -17 + 2?
-15
What is the value of 22 - ((1 - 20) + 24)?
17
Calculate -1 + -12 - -6 - (-10 + 17).
-14
-9 + 5 + 5 + (-24 - -9)
-14
Calculate -12 - (-13 - (-8 + (3 - 5))).
-9
Calculate 14 + (-2 - -15) + -7 + -7 - 8.
5
What is the value of -9 + (1 + -4 - -4)?
-8
Evaluate -11 + -2 + 3 + (-1 - 2) + 7.
-6
Evaluate 257 - 267 - (5 - -3).
-18
What is 19 - 7 - 11 - (-15 + 15)?
1
2 + (5 - 12) - (3 + -11)
3
Evaluate 15 + -19 - (-7 + 3 + 7) - 2.
-9
Evaluate (-15 - (1 + (-13 - (8 - 13)))) + 21.
13
(-15 - (-16 - -5)) + 5
1
(-6 - (-11 - -4 - -5)) + 12
8
13 - (-3 - (-14 - -6))
8
What is 41 + -54 + ((-2 - -4) + 0 - 1)?
-12
What is -9 - 1 - ((17 - 7) + -13)?
-7
Evaluate (1 - -5 - 13 - 7) + 2.
-12
Evaluate (-22 - -6) + (5 + -10 - -6).
-15
What is 5523 + -5512 - (-13 - (-2 - -1))?
23
What is 31 - (-1 + (-10 - -15))?
27
What is the value of 1 + 2 + 0 - (58 + -51)?
-4
12 + -20 + -1 - -5
-4
Evaluate (28 - 4) + -14 + (-3 + 3 - -5).
15
(-1 - -2 - (-18 + 3)) + -9
7
What is the value of -22 + -2 + 12 - (-5 + -2) - 8?
-13
Calculate 4 - (23 - (25 - 0)).
6
Calculate 2 + -4 - -51 - (-65 + 85).
29
Evaluate 20 - (-17 - -6) - 20.
11
Evaluate 2 - (-3 + 7 + -5 + 6).
-3
What is the value of -29 + 10 + 15 + 4?
0
What is -14 + 5 + 4 + -7 + 0?
-12
What is the value of -5 - ((-10 - (20 + -24)) + 0 + -2)?
3
What is the value of -13 + 7 + 6 + 0?
0
Calculate -2 - 4 - -5 - (-2 - -9).
-8
6 + 3 - ((4 - -11) + -17) - -21
32
Calculate 31 - 21 - ((0 - -4) + 17).
-11
17 - (-4 - ((2 - 0) + (68 - 66)))
25
Evaluate -1 - (-6 + 5 + (1 - -1) + -3).
1
What is -11 + 15 + -82 + 93?
15
Evaluate 1 + 12 + -1 + -858 + 855.
9
Calculate -17 + 20 - 0 - 14 - (-1 - 26).
16
-65 + 82 + -12 + 2
7
What is -6 - (0 - -10 - (17 + -3))?
-2
123 - 111 - (0 + -2 + 10)
4
What is the value of (3 - (-2 + -6)) + -20?
-9
What is the value of -239 + 199 + (2 - -36)?
-2
Calculate 7 + -20 + -11 - -2.
-22
What is the value of 5 + -21 - (-9 + 15 + -16)?
-6
What is the value of 3 - (-11 + 24 + -6)?
-4
What is the value of -8 + -1 - (9 - 6 - -22 - 39)?
5
3 - (3 + 3 + 2 + -24 + 7)
12
What is the value of -8 + 11 + -5 + -8 + (-2 - -5)?
-7
Evaluate -27 + 11 - (-5 + 0 - 1).
-10
8 + -4 + (-2 - 5) + 5 - 19
-17
Evaluate 15 + (12 - (1 + 5 + 2) - 12).
7
Calculate -5 + (5 - (3 + -19)).
16
Evaluate (213 - 215) + (0 - -27) + -13.
12
What is the value of (15 - (-2 + 2 + 5)) + 0 + -9?
1
What